Dec 01 03:09:46.778 INFO testing scrolliris/nib against master#8940af3cea4a9a9deabcaf843b2f8cad9a83fc61 for beta-1.31-5
Dec 01 03:09:46.778 INFO running `"docker" "create" "-v" "/mnt/big/crater/work/local/target-dirs/beta-1.31-5/worker-5/master#8940af3cea4a9a9deabcaf843b2f8cad9a83fc61:/target:rw,Z" "-v" "/mnt/big/crater/work/local/test-source/worker-5/beta-1.31-5/master#8940af3cea4a9a9deabcaf843b2f8cad9a83fc61:/source:ro,Z" "-v" "/mnt/big/crater/work/local/cargo-home:/cargo-home:ro,Z" "-v" "/mnt/big/crater/work/local/rustup-home:/rustup-home:ro,Z" "-e" "USER_ID=1000" "-e" "SOURCE_DIR=/source" "-e" "USER_ID=1000" "-e" "CMD=cargo +8940af3cea4a9a9deabcaf843b2f8cad9a83fc61-alt build --frozen" "-e" "CARGO_TARGET_DIR=/target" "-e" "CARGO_INCREMENTAL=0" "-e" "RUST_BACKTRACE=full" "-e" "RUSTFLAGS=--cap-lints=warn" "-e" "CARGO_HOME=/cargo-home" "-e" "RUSTUP_HOME=/rustup-home" "-m" "1536M" "--network" "none" "crater"`
Dec 01 03:09:47.100 INFO [stdout] 8a05b42c44645114e12b87c34963a0b9963caedb480b0cb0d7b3e6bdb0700cbe
Dec 01 03:09:47.101 INFO running `"docker" "start" "-a" "8a05b42c44645114e12b87c34963a0b9963caedb480b0cb0d7b3e6bdb0700cbe"`
Dec 01 03:09:47.634 INFO [stderr] usermod: no changes
Dec 01 03:09:47.737 INFO [stderr]    Compiling clap v2.32.0
Dec 01 03:09:47.738 INFO [stderr]    Compiling syn v0.14.9
Dec 01 03:09:55.597 INFO [stderr]    Compiling structopt-derive v0.2.10
Dec 01 03:10:01.728 INFO [stderr]    Compiling structopt v0.2.10
Dec 01 03:10:02.028 INFO [stderr]    Compiling nib v0.0.1 (/source)
Dec 01 03:10:03.135 INFO [stderr]     Finished dev [unoptimized + debuginfo] target(s) in 15.48s
Dec 01 03:10:03.143 INFO [stderr] su: No module specific data is present
Dec 01 03:10:03.585 INFO running `"docker" "inspect" "8a05b42c44645114e12b87c34963a0b9963caedb480b0cb0d7b3e6bdb0700cbe"`
Dec 01 03:10:03.641 INFO running `"docker" "rm" "-f" "8a05b42c44645114e12b87c34963a0b9963caedb480b0cb0d7b3e6bdb0700cbe"`
Dec 01 03:10:03.722 INFO [stdout] 8a05b42c44645114e12b87c34963a0b9963caedb480b0cb0d7b3e6bdb0700cbe
Dec 01 03:10:03.724 INFO running `"docker" "create" "-v" "/mnt/big/crater/work/local/target-dirs/beta-1.31-5/worker-5/master#8940af3cea4a9a9deabcaf843b2f8cad9a83fc61:/target:rw,Z" "-v" "/mnt/big/crater/work/local/test-source/worker-5/beta-1.31-5/master#8940af3cea4a9a9deabcaf843b2f8cad9a83fc61:/source:ro,Z" "-v" "/mnt/big/crater/work/local/cargo-home:/cargo-home:ro,Z" "-v" "/mnt/big/crater/work/local/rustup-home:/rustup-home:ro,Z" "-e" "USER_ID=1000" "-e" "SOURCE_DIR=/source" "-e" "USER_ID=1000" "-e" "CMD=cargo +8940af3cea4a9a9deabcaf843b2f8cad9a83fc61-alt test --frozen --no-run" "-e" "CARGO_TARGET_DIR=/target" "-e" "CARGO_INCREMENTAL=0" "-e" "RUST_BACKTRACE=full" "-e" "RUSTFLAGS=--cap-lints=warn" "-e" "CARGO_HOME=/cargo-home" "-e" "RUSTUP_HOME=/rustup-home" "-m" "1536M" "--network" "none" "crater"`
Dec 01 03:10:04.039 INFO [stdout] 1d6733b86d9b15473fa049a5ba2a3cdc17454d165664d7fd39d8ada7798ef5b1
Dec 01 03:10:04.047 INFO running `"docker" "start" "-a" "1d6733b86d9b15473fa049a5ba2a3cdc17454d165664d7fd39d8ada7798ef5b1"`
Dec 01 03:10:04.988 INFO [stderr] usermod: no changes
Dec 01 03:10:05.138 INFO [stderr]    Compiling nib v0.0.1 (/source)
Dec 01 03:10:06.595 INFO [stderr]     Finished dev [unoptimized + debuginfo] target(s) in 1.59s
Dec 01 03:10:06.604 INFO [stderr] su: No module specific data is present
Dec 01 03:10:07.125 INFO running `"docker" "inspect" "1d6733b86d9b15473fa049a5ba2a3cdc17454d165664d7fd39d8ada7798ef5b1"`
Dec 01 03:10:07.360 INFO running `"docker" "rm" "-f" "1d6733b86d9b15473fa049a5ba2a3cdc17454d165664d7fd39d8ada7798ef5b1"`
Dec 01 03:10:07.674 INFO [stdout] 1d6733b86d9b15473fa049a5ba2a3cdc17454d165664d7fd39d8ada7798ef5b1
Dec 01 03:10:07.680 INFO running `"docker" "create" "-v" "/mnt/big/crater/work/local/target-dirs/beta-1.31-5/worker-5/master#8940af3cea4a9a9deabcaf843b2f8cad9a83fc61:/target:rw,Z" "-v" "/mnt/big/crater/work/local/test-source/worker-5/beta-1.31-5/master#8940af3cea4a9a9deabcaf843b2f8cad9a83fc61:/source:ro,Z" "-v" "/mnt/big/crater/work/local/cargo-home:/cargo-home:ro,Z" "-v" "/mnt/big/crater/work/local/rustup-home:/rustup-home:ro,Z" "-e" "USER_ID=1000" "-e" "SOURCE_DIR=/source" "-e" "USER_ID=1000" "-e" "CMD=cargo +8940af3cea4a9a9deabcaf843b2f8cad9a83fc61-alt test --frozen" "-e" "CARGO_TARGET_DIR=/target" "-e" "CARGO_INCREMENTAL=0" "-e" "RUST_BACKTRACE=full" "-e" "RUSTFLAGS=--cap-lints=warn" "-e" "CARGO_HOME=/cargo-home" "-e" "RUSTUP_HOME=/rustup-home" "-m" "1536M" "--network" "none" "crater"`
Dec 01 03:10:08.121 INFO [stdout] 6108afa1f557f4cace8da08282bc368ce97a9462b5b8ed32c368a628aad338f5
Dec 01 03:10:08.121 INFO running `"docker" "start" "-a" "6108afa1f557f4cace8da08282bc368ce97a9462b5b8ed32c368a628aad338f5"`
Dec 01 03:10:09.091 INFO [stderr] usermod: no changes
Dec 01 03:10:09.267 INFO [stderr]     Finished dev [unoptimized + debuginfo] target(s) in 0.14s
Dec 01 03:10:09.272 INFO [stderr]      Running /target/debug/deps/nib-ce18b78d2b2a3323
Dec 01 03:10:09.275 INFO [stdout] 
Dec 01 03:10:09.275 INFO [stdout] running 0 tests
Dec 01 03:10:09.275 INFO [stdout] 
Dec 01 03:10:09.275 INFO [stdout] test result: ok. 0 passed; 0 failed; 0 ignored; 0 measured; 0 filtered out
Dec 01 03:10:09.275 INFO [stdout] 
Dec 01 03:10:09.275 INFO [stderr]      Running /target/debug/deps/integration_test-cc039c692d05425e
Dec 01 03:10:09.291 INFO [stdout] 
Dec 01 03:10:09.291 INFO [stdout] running 2 tests
Dec 01 03:10:09.339 INFO [stdout] test integration_test::test_run_with_unknown_option ... FAILED
Dec 01 03:10:09.339 INFO [stdout] test integration_test::test_run_with_help ... FAILED
Dec 01 03:10:09.339 INFO [stdout] 
Dec 01 03:10:09.339 INFO [stdout] failures:
Dec 01 03:10:09.339 INFO [stdout] 
Dec 01 03:10:09.339 INFO [stdout] ---- integration_test::test_run_with_unknown_option stdout ----
Dec 01 03:10:09.339 INFO [stdout] thread 'integration_test::test_run_with_unknown_option' panicked at 'called `Result::unwrap()` on an `Err` value: Os { code: 2, kind: NotFound, message: "No such file or directory" }', libcore/result.rs:1009:5
Dec 01 03:10:09.339 INFO [stdout] stack backtrace:
Dec 01 03:10:09.339 INFO [stdout]    0:     0x5641d404e23f - std::sys::unix::backtrace::tracing::imp::unwind_backtrace::h3a8b83e1922cbdde
Dec 01 03:10:09.339 INFO [stdout]                                at libstd/sys/unix/backtrace/tracing/gcc_s.rs:49
Dec 01 03:10:09.339 INFO [stdout]    1:     0x5641d405aa47 - std::sys_common::backtrace::print::h00d3155a29b4020f
Dec 01 03:10:09.339 INFO [stdout]                                at libstd/sys_common/backtrace.rs:71
Dec 01 03:10:09.339 INFO [stdout]                                at libstd/sys_common/backtrace.rs:59
Dec 01 03:10:09.339 INFO [stdout]    2:     0x5641d40535ff - std::panicking::default_hook::{{closure}}::hd7465c742e79e1bb
Dec 01 03:10:09.339 INFO [stdout]                                at libstd/panicking.rs:211
Dec 01 03:10:09.339 INFO [stdout]    3:     0x5641d40532fe - std::panicking::default_hook::h9e3966f2aa2a6e12
Dec 01 03:10:09.339 INFO [stdout]                                at libstd/panicking.rs:221
Dec 01 03:10:09.339 INFO [stdout]    4:     0x5641d4053cde - std::panicking::rust_panic_with_hook::h587f091ae747d080
Dec 01 03:10:09.339 INFO [stdout]                                at libstd/panicking.rs:476
Dec 01 03:10:09.339 INFO [stdout]    5:     0x5641d4053881 - std::panicking::continue_panic_fmt::hb3a4fdede87f43a8
Dec 01 03:10:09.339 INFO [stdout]                                at libstd/panicking.rs:390
Dec 01 03:10:09.339 INFO [stdout]    6:     0x5641d4053765 - rust_begin_unwind
Dec 01 03:10:09.339 INFO [stdout]                                at libstd/panicking.rs:325
Dec 01 03:10:09.339 INFO [stdout]    7:     0x5641d409599c - core::panicking::panic_fmt::h6f9cebf5e7474a0b
Dec 01 03:10:09.339 INFO [stdout]                                at libcore/panicking.rs:77
Dec 01 03:10:09.339 INFO [stdout]    8:     0x5641d3ff6d77 - core::result::unwrap_failed::h1f469ecac0bc30c7
Dec 01 03:10:09.339 INFO [stdout]                                at libcore/macros.rs:26
Dec 01 03:10:09.340 INFO [stdout]    9:     0x5641d3ff67a0 - <core::result::Result<T, E>>::unwrap::h374e5a4828e0992e
Dec 01 03:10:09.340 INFO [stdout]                                at libcore/result.rs:808
Dec 01 03:10:09.340 INFO [stdout]   10:     0x5641d3ffa907 - integration_test::integration_test::test_run_with_unknown_option::ha74ffbb94e325d2c
Dec 01 03:10:09.340 INFO [stdout]                                at tests/integration_test.rs:7
Dec 01 03:10:09.340 INFO [stdout]   11:     0x5641d3ffa859 - integration_test::integration_test::test_run_with_unknown_option::{{closure}}::hcf9c848b4a894396
Dec 01 03:10:09.340 INFO [stdout]                                at tests/integration_test.rs:6
Dec 01 03:10:09.340 INFO [stdout]   12:     0x5641d3ff427d - core::ops::function::FnOnce::call_once::ha8dc0dd92f75bdb3
Dec 01 03:10:09.340 INFO [stdout]                                at libcore/ops/function.rs:238
Dec 01 03:10:09.340 INFO [stdout]   13:     0x5641d3ffdc3e - <F as alloc::boxed::FnBox<A>>::call_box::hac903f91577a156c
Dec 01 03:10:09.340 INFO [stdout]                                at libtest/lib.rs:1468
Dec 01 03:10:09.340 INFO [stdout]                                at libcore/ops/function.rs:238
Dec 01 03:10:09.340 INFO [stdout]                                at liballoc/boxed.rs:672
Dec 01 03:10:09.340 INFO [stdout]   14:     0x5641d40659f9 - __rust_maybe_catch_panic
Dec 01 03:10:09.340 INFO [stdout]                                at libpanic_unwind/lib.rs:102
Dec 01 03:10:09.340 INFO [stdout]   15:     0x5641d401f892 - std::sys_common::backtrace::__rust_begin_short_backtrace::hb8f0d0309526c184
Dec 01 03:10:09.340 INFO [stdout]                                at libstd/panicking.rs:289
Dec 01 03:10:09.340 INFO [stdout]                                at libstd/panic.rs:392
Dec 01 03:10:09.340 INFO [stdout]                                at libtest/lib.rs:1423
Dec 01 03:10:09.340 INFO [stdout]                                at libstd/sys_common/backtrace.rs:136
Dec 01 03:10:09.340 INFO [stdout]   16:     0x5641d4020344 - std::panicking::try::do_call::hc2f7c8b9a348d8db
Dec 01 03:10:09.340 INFO [stdout]                                at libstd/thread/mod.rs:409
Dec 01 03:10:09.340 INFO [stdout]                                at libstd/panic.rs:313
Dec 01 03:10:09.340 INFO [stdout]                                at libstd/panicking.rs:310
Dec 01 03:10:09.340 INFO [stdout]   17:     0x5641d40659f9 - __rust_maybe_catch_panic
Dec 01 03:10:09.340 INFO [stdout]                                at libpanic_unwind/lib.rs:102
Dec 01 03:10:09.340 INFO [stdout]   18:     0x5641d400d57c - <F as alloc::boxed::FnBox<A>>::call_box::h6bfded618e480b32
Dec 01 03:10:09.340 INFO [stdout]                                at libstd/panicking.rs:289
Dec 01 03:10:09.340 INFO [stdout]                                at libstd/panic.rs:392
Dec 01 03:10:09.340 INFO [stdout]                                at libstd/thread/mod.rs:408
Dec 01 03:10:09.340 INFO [stdout]                                at liballoc/boxed.rs:672
Dec 01 03:10:09.340 INFO [stdout]   19:     0x5641d405068d - std::sys_common::thread::start_thread::h4c28257d67cdf9cb
Dec 01 03:10:09.340 INFO [stdout]                                at liballoc/boxed.rs:682
Dec 01 03:10:09.340 INFO [stdout]                                at libstd/sys_common/thread.rs:24
Dec 01 03:10:09.340 INFO [stdout]   20:     0x5641d4043775 - std::sys::unix::thread::Thread::new::thread_start::hfecb2e7eff8fd34f
Dec 01 03:10:09.340 INFO [stdout]                                at libstd/sys/unix/thread.rs:90
Dec 01 03:10:09.340 INFO [stdout]   21:     0x7fc83d1186b9 - start_thread
Dec 01 03:10:09.340 INFO [stdout]   22:     0x7fc83cc3841c - clone
Dec 01 03:10:09.340 INFO [stdout]   23:                0x0 - <unknown>
Dec 01 03:10:09.340 INFO [stdout] 
Dec 01 03:10:09.340 INFO [stdout] ---- integration_test::test_run_with_help stdout ----
Dec 01 03:10:09.340 INFO [stdout] thread 'integration_test::test_run_with_help' panicked at 'called `Result::unwrap()` on an `Err` value: Os { code: 2, kind: NotFound, message: "No such file or directory" }', libcore/result.rs:1009:5
Dec 01 03:10:09.340 INFO [stdout] stack backtrace:
Dec 01 03:10:09.340 INFO [stdout]    0:     0x5641d404e23f - std::sys::unix::backtrace::tracing::imp::unwind_backtrace::h3a8b83e1922cbdde
Dec 01 03:10:09.340 INFO [stdout]                                at libstd/sys/unix/backtrace/tracing/gcc_s.rs:49
Dec 01 03:10:09.340 INFO [stdout]    1:     0x5641d405aa47 - std::sys_common::backtrace::print::h00d3155a29b4020f
Dec 01 03:10:09.340 INFO [stdout]                                at libstd/sys_common/backtrace.rs:71
Dec 01 03:10:09.340 INFO [stdout]                                at libstd/sys_common/backtrace.rs:59
Dec 01 03:10:09.340 INFO [stdout]    2:     0x5641d40535ff - std::panicking::default_hook::{{closure}}::hd7465c742e79e1bb
Dec 01 03:10:09.340 INFO [stdout]                                at libstd/panicking.rs:211
Dec 01 03:10:09.340 INFO [stdout]    3:     0x5641d40532fe - std::panicking::default_hook::h9e3966f2aa2a6e12
Dec 01 03:10:09.340 INFO [stdout]                                at libstd/panicking.rs:221
Dec 01 03:10:09.340 INFO [stdout]    4:     0x5641d4053cde - std::panicking::rust_panic_with_hook::h587f091ae747d080
Dec 01 03:10:09.340 INFO [stdout]                                at libstd/panicking.rs:476
Dec 01 03:10:09.340 INFO [stdout]    5:     0x5641d4053881 - std::panicking::continue_panic_fmt::hb3a4fdede87f43a8
Dec 01 03:10:09.340 INFO [stdout]                                at libstd/panicking.rs:390
Dec 01 03:10:09.340 INFO [stdout]    6:     0x5641d4053765 - rust_begin_unwind
Dec 01 03:10:09.340 INFO [stdout]                                at libstd/panicking.rs:325
Dec 01 03:10:09.340 INFO [stdout]    7:     0x5641d409599c - core::panicking::panic_fmt::h6f9cebf5e7474a0b
Dec 01 03:10:09.340 INFO [stdout]                                at libcore/panicking.rs:77
Dec 01 03:10:09.340 INFO [stdout]    8:     0x5641d3ff6d77 - core::result::unwrap_failed::h1f469ecac0bc30c7
Dec 01 03:10:09.340 INFO [stdout]                                at libcore/macros.rs:26
Dec 01 03:10:09.340 INFO [stdout]    9:     0x5641d3ff67a0 - <core::result::Result<T, E>>::unwrap::h374e5a4828e0992e
Dec 01 03:10:09.340 INFO [stdout]                                at libcore/result.rs:808
Dec 01 03:10:09.340 INFO [stdout]   10:     0x5641d3ffacf7 - integration_test::integration_test::test_run_with_help::hf4b9817669646699
Dec 01 03:10:09.340 INFO [stdout]                                at tests/integration_test.rs:17
Dec 01 03:10:09.340 INFO [stdout]   11:     0x5641d3ffac49 - integration_test::integration_test::test_run_with_help::{{closure}}::h9a33ee349e507cad
Dec 01 03:10:09.340 INFO [stdout]                                at tests/integration_test.rs:16
Dec 01 03:10:09.340 INFO [stdout]   12:     0x5641d3ff42bd - core::ops::function::FnOnce::call_once::hd5486c0495756e00
Dec 01 03:10:09.340 INFO [stdout]                                at libcore/ops/function.rs:238
Dec 01 03:10:09.340 INFO [stdout]   13:     0x5641d3ffdc3e - <F as alloc::boxed::FnBox<A>>::call_box::hac903f91577a156c
Dec 01 03:10:09.340 INFO [stdout]                                at libtest/lib.rs:1468
Dec 01 03:10:09.340 INFO [stdout]                                at libcore/ops/function.rs:238
Dec 01 03:10:09.340 INFO [stdout]                                at liballoc/boxed.rs:672
Dec 01 03:10:09.340 INFO [stdout]   14:     0x5641d40659f9 - __rust_maybe_catch_panic
Dec 01 03:10:09.340 INFO [stdout]                                at libpanic_unwind/lib.rs:102
Dec 01 03:10:09.340 INFO [stdout]   15:     0x5641d401f892 - std::sys_common::backtrace::__rust_begin_short_backtrace::hb8f0d0309526c184
Dec 01 03:10:09.340 INFO [stdout]                                at libstd/panicking.rs:289
Dec 01 03:10:09.340 INFO [stdout]                                at libstd/panic.rs:392
Dec 01 03:10:09.341 INFO [stdout]                                at libtest/lib.rs:1423
Dec 01 03:10:09.341 INFO [stdout]                                at libstd/sys_common/backtrace.rs:136
Dec 01 03:10:09.341 INFO [stdout]   16:     0x5641d4020344 - std::panicking::try::do_call::hc2f7c8b9a348d8db
Dec 01 03:10:09.341 INFO [stdout]                                at libstd/thread/mod.rs:409
Dec 01 03:10:09.341 INFO [stdout]                                at libstd/panic.rs:313
Dec 01 03:10:09.341 INFO [stdout]                                at libstd/panicking.rs:310
Dec 01 03:10:09.341 INFO [stdout]   17:     0x5641d40659f9 - __rust_maybe_catch_panic
Dec 01 03:10:09.341 INFO [stdout]                                at libpanic_unwind/lib.rs:102
Dec 01 03:10:09.341 INFO [stdout]   18:     0x5641d400d57c - <F as alloc::boxed::FnBox<A>>::call_box::h6bfded618e480b32
Dec 01 03:10:09.341 INFO [stdout]                                at libstd/panicking.rs:289
Dec 01 03:10:09.341 INFO [stdout]                                at libstd/panic.rs:392
Dec 01 03:10:09.341 INFO [stdout]                                at libstd/thread/mod.rs:408
Dec 01 03:10:09.341 INFO [stdout]                                at liballoc/boxed.rs:672
Dec 01 03:10:09.341 INFO [stdout]   19:     0x5641d405068d - std::sys_common::thread::start_thread::h4c28257d67cdf9cb
Dec 01 03:10:09.341 INFO [stdout]                                at liballoc/boxed.rs:682
Dec 01 03:10:09.341 INFO [stdout]                                at libstd/sys_common/thread.rs:24
Dec 01 03:10:09.341 INFO [stdout]   20:     0x5641d4043775 - std::sys::unix::thread::Thread::new::thread_start::hfecb2e7eff8fd34f
Dec 01 03:10:09.341 INFO [stdout]                                at libstd/sys/unix/thread.rs:90
Dec 01 03:10:09.341 INFO [stdout]   21:     0x7fc83d1186b9 - start_thread
Dec 01 03:10:09.341 INFO [stdout]   22:     0x7fc83cc3841c - clone
Dec 01 03:10:09.341 INFO [stdout]   23:                0x0 - <unknown>
Dec 01 03:10:09.341 INFO [stdout] 
Dec 01 03:10:09.341 INFO [stdout] 
Dec 01 03:10:09.341 INFO [stdout] failures:
Dec 01 03:10:09.341 INFO [stdout]     integration_test::test_run_with_help
Dec 01 03:10:09.341 INFO [stdout]     integration_test::test_run_with_unknown_option
Dec 01 03:10:09.341 INFO [stdout] 
Dec 01 03:10:09.341 INFO [stdout] test result: FAILED. 0 passed; 2 failed; 0 ignored; 0 measured; 0 filtered out
Dec 01 03:10:09.341 INFO [stdout] 
Dec 01 03:10:09.351 INFO [stderr] error: test failed, to rerun pass '--test integration_test'
Dec 01 03:10:09.351 INFO [stderr] su: No module specific data is present
Dec 01 03:10:10.431 INFO running `"docker" "inspect" "6108afa1f557f4cace8da08282bc368ce97a9462b5b8ed32c368a628aad338f5"`
Dec 01 03:10:10.717 INFO running `"docker" "rm" "-f" "6108afa1f557f4cace8da08282bc368ce97a9462b5b8ed32c368a628aad338f5"`
Dec 01 03:10:11.022 INFO [stdout] 6108afa1f557f4cace8da08282bc368ce97a9462b5b8ed32c368a628aad338f5
